s the units digit of p?
7
Suppose -2*j + 10 = -6. Let v(l) = -3 - 5*l + 3 + l**2 + 1. What is the units digit of v(j)?
5
Suppose -5*k + 526 = 2*h - 783, 2*h - 5*k - 1259 = 0. What is the units digit of h?
2
Let j(v) = v**2 + 35*v - 119. What is the tens digit of j(-49)?
6
Suppose 540 = -g - g + 5*f, g = -3*f - 292. What is the hundreds digit of -1 + -2 + 5 - g?
2
Let d(n) = -n**2 - 14*n. Let z be d(-12). Let a = 13 - z. Let b = a + 44. What is the units digit of b?
3
Suppose -3*k - 3*t + 12 = 0, -4*k + 22 = -5*t - 12. Suppose -k*l = -4*l - 182. What is the units digit of l?
1
Suppose -223*t = -240*t + 64090. What is the thousands digit of t?
3
Let y(h) = -8*h**3 + 6*h**2 + 2*h - 3. Let f(p) = -7*p**3 + 5*p**2 + 2*p - 3. Let r(c) = -7*f(c) + 6*y(c). What is the units digit of r(4)?
5
Let q(g) = 10 + 131*g - 6 - 2 - 3*g. What is the hundreds digit of q(2)?
2
Let s(y) = 4*y + 17. Let z(f) = -f - 1. Let l(k) = s(k) + z(k). Let i be l(-5). What is the tens digit of i + (2 + -1 - -30)?
3
Suppose 7 = 2*z - 5*d, -2*z = z + 2*d - 1. Let k(x) = 0*x**3 + 2 - x**3 + z - 3*x**2 + 2*x + 4*x. What is the tens digit of k(-5)?
2
Suppose -2*z = 5*o + 58, 5*z = -7*o + 9*o + 29. Let y(s) = 15*s**3 - s**2 + s + 1. Let l be y(-1). What is the tens digit of (-129)/o + 12/l?
1
Let d = -139 - -144. Suppose -1232 = -4*f + d*m, -924 = -3*f - 3*m + m. What is the hundreds digit of f?
3
Let w be (-2)/10 + (-6664)/(-70) - 1. Let i = -26 + w. What is the units digit of i?
8
Suppose 5*q + 4*v = 1044, -5*q = -3*v - 747 - 325. Let z = q - -49. What is the tens digit of z?
6
Suppose -3*j - 8 = 5*s, -12 = -5*j - 2*s - 0. Let a(c) = 45*c - 18. What is the hundreds digit of a(j)?
1
Suppose 4*o = -0*o + 2*d + 514, -5*d = 3*o - 392. What is the units digit of o?
9
Let d be (4/(-6))/(3/(-972)). Suppose 3*u - d = -u. What is the units digit of u?
4
Suppose -5*h + h - 584 = 4*z, -5*z - 4*h - 730 = 0. What is the units digit of z/(-10) - 16/(-40)?
5
Let r(m) = -13*m**3 - 7*m**2 - 4*m + 3. What is the hundreds digit of r(-4)?
7
Let y = -21 - -17. Let m be (-1)/y - 333/4. Let t = m + 136. What is the units digit of t?
3
Suppose -84*j = -94*j + 2620. What is the hundreds digit of j?
2
Suppose -4*f = 2*b - 78, 5*f - 3*b - 90 = -4*b. Let n = 40 - f. Let r = 61 - n. What is the tens digit of r?
3
Let i be (-2)/4 + (-95)/(-10). Let t = i - 7. Suppose 0 = -t*b + 3*c + 2*c + 31, -5*b + 2*c = -67. What is the units digit of b?
3
What is the thousands digit of (400/(-700))/(8741/8743 + -1)?
2
Let f(n) = -2*n - 9. Let d be f(-6). Suppose -a = -2*a + d. Suppose 30 = a*y - 3*v, -5*v + 4 = -1. What is the units digit of y?
1
Let z be ((-1 - -3)*-3)/(-2). What is the units digit of ((-28)/3)/((-2)/z)?
4
What is the units digit of (((-38280)/(-25))/6)/((-2)/(-25))?
0
Let c = -123 + 126. Let v(r) = 4*r + 17. What is the units digit of v(c)?
9
Suppose -9*k = -7*k - 530. Let r = k - 172. What is the tens digit of r?
9
What is the units digit of 839/(-2)*(-6)/3?
9
Let q(u) = -2*u - 7. Let k be q(-5). Suppose -133 = -k*x - 43. Let z = 72 - x. What is the tens digit of z?
4
Suppose 500 = -5*w + 185. Let a be (-3)/((w/12)/(-7)). What is the tens digit of 5/((a/(-20))/1)?
2
Let v(c) = -c**2 - 9*c - 8. Let o be v(-6). Suppose -4*p - 17 = j, 4*j + p = -j + o. Suppose -j = -4*g + g. What is the units digit of g?
1
Suppose 3*p - 1205 = -302. What is the units digit of p?
1
What is the hundreds digit of 308 + 12*6/(-12)?
3
Let g(j) = -5*j**3 - 2*j**2 - 2*j - 5. Let h(s) = s**3 - s**2 + s + 1. Let c(k) = -g(k) - 4*h(k). Let a be (2/4)/(1/(-8)). What is the tens digit of c(a)?
4
Suppose -46*h + 25 = -41*h. Suppose -321 - 299 = -h*r. What is the hundreds digit of r?
1
Suppose -1349 - 75 = -5*u + 4*l, 5*u + 5*l = 1415. What is the units digit of u?
4
Suppose 5209 + 1499 = 2*u. What is the units digit of u?
4
Let g(m) = -13*m - 208. What is the hundreds digit of g(-38)?
2
Let w(t) = t**2 + 11*t + 20. Let q be w(-9). What is the tens digit of q + (-12)/4 - -92?
9
Let u(m) = -57*m**3 - m**2 + 2*m + 3. Let t be u(-1). Let s = t + 47. What is the units digit of s?
4
What is the tens digit of (6 - 1)*191 - (-248 + 246)?
5
Suppose -2528 = -4*q - 4*g, -3*g - 3200 = -0*q - 5*q. What is the hundreds digit of q?
6
Suppose 0*q + q - 5*r - 2 = 0, 0 = -q + r + 2. Suppose -q*d = 2, -2*d - 19 = 3*i - d. What is the units digit of 5/(-15) + (-14)/i?
2
Suppose c + 1078 = 4*x, 5*x - 296 = -5*c + 1039. What is the units digit of x?
9
Let s(r) = r - 3. Let y be s(3). Suppose -4*k + 222 - 2 = 4*n, y = -5*k. What is the tens digit of n?
5
Suppose 0 = -4*q - 5*z + 1 - 12, -5*q + z = -8. Let b(v) = 312*v**3 - 2*v**2 + 2*v. What is the tens digit of b(q)?
1
Let b = 11 + -9. Suppose -2 = b*r - 98. What is the units digit of (-15)/6*r/(-20)?
6
Let u(c) be the third derivative of -3*c**2 + 1/12*c**4 + 0*c - 1/30*c**5 + 1/120*c**6 - 2/3*c**3 + 0. What is the units digit of u(3)?
1
Suppose -s - 12*c = -17*c - 288, -4*s = 2*c - 1086. What is the tens digit of s?
7
Let r be -3 + 0 + 8 + -4. Suppose -b + 2*a + 0*a = -27, r = -a. Let v = -6 + b. What is the units digit of v?
9
Suppose 2*f + 2*q = 916, 0*f + 3*f = -5*q + 1382. What is the units digit of f?
4
Suppose 27*x - 28*x - 4829 = -3*q, -5*x = 3*q - 4817. What is the tens digit of q?
0
Let a be (48/(-64))/((-2)/(-184)). Let u = 30 - a. What is the tens digit of u?
9
Suppose -w - 9 = r, -r - 18 - 15 = 5*w. Let u be (12/w)/((-2)/(-6)). What is the tens digit of ((-4)/u)/((-2)/(-132))?
4
Let l be (-6 + 1)*66/15. Let i be (l/(-44))/(1/(-90)). What is the tens digit of (-106)/(-5) - (-9)/i?
2
Let m = -127 + 384. Suppose -4*c = 3*g - m, -8*c - 3*g + 127 = -6*c. What is the units digit of c?
5
Let p be -5*(-3 - 0 - (0 - -2)). Suppose 5*x = -p, 2*x - 25 - 96 = -m. What is the tens digit of m?
3
Let u(l) = 371*l + 75. What is the units digit of u(4)?
9
Let t(y) be the first derivative of y**3/3 - y**2 - 6*y - 9. What is the tens digit of t(-6)?
4
Let t(n) = n**3 - 4*n**2 + 4*n - 14. What is the units digit of t(4)?
2
Let q(z) = 16*z**2 + 22*z - 105. What is the hundreds digit of q(9)?
3
Let z(f) = -f**2 + 2*f + 31. What is the units digit of z(-4)?
7
Let f(c) = -c + 9. Suppose 3*g = -g + 8. Suppose -4*z - 37 = -z - g*k, 5*z + 40 = -k. What is the tens digit of f(z)?
1
What is the hundreds digit of (358/(-6))/((-3)/9)?
1
Let y = -138 - -1404. What is the thousands digit of y?
1
Suppose 0*z = 4*z - 2*z. Suppose z = -5*i + i + 152. What is the units digit of i?
8
Let f = -31 + 84. Suppose -4*t + 5*p = -f - 63, 0 = -p. What is the tens digit of t?
2
Suppose -18*v = -22*v + 96. What is the tens digit of (2 + -186)*v/(-32)?
3
Let v(k) = 4*k + 3. Let d be v(0). Suppose d*l = -5*u + 473, 2*u - l = 68 + 119. What is the units digit of u?
4
Let y(q) = -8*q**2. Let f be y(-4). What is the units digit of ((-162)/(-4))/((-48)/f)?
8
Suppose 12*r = -3*w + 7*r + 904, -4*w - 5*r = -1197. What is the tens digit of w?
9
Let l = -29 + 30. Let k(u) = 13*u**2 + 2*u - 2. What is the tens digit of k(l)?
1
Let a = 5025 - 2540. What is the hundreds digit of a?
4
Let q = 2979 - -1440. What is the tens digit of q?
1
What is the units digit of (7 + 178)*(-27)/(-15)*2?
6
Let j = -571 + 1037. What is the hundreds digit of j?
4
Let m(u) = -u**3 - 7*u**2 - u - 3. Let k be m(-8). Let x(i) = i**3 + 5*i**2 - 9*i - 14. Let o be x(-6). Suppose -p - k = -o*p. What is the units digit of p?
3
Suppose -4*b = 4*y - 4128, -5*b = -5*y + 2*y + 3064. What is the units digit of y?
8
Suppose 3*h + 4*x = 1655, h + 141 - 692 = -2*x. What is the units digit of h?
3
Let a(v) = 4*v**3 + 3*v**2 - 2*v. Let w be a(1). Suppose w*c - 2*c = 411. What is the tens digit of c?
3
What is the tens digit of -2*(-9239)/18 + (-56)/(-126)?
2
Let v(c) = -c**2 + 4*c + 3. Let f = 2 + 2. Let m be v(f). Suppose 0 = m*o + 2*o - 30. What is the units digit of o?
6
Suppose -47*a + 48*a - m = 3641, -5*m = 5*a - 18185. What is the thousands digit of a?
3
Suppose 0 = v + 1 + 2, -v = 4*p - 21. What is the units digit of -5*((-54)/5)/p + -1?
8
Suppose 6 = 4*c - 2. Suppose -2 = -g + c*g. Let o(y) = -y**2 - 2*y + 1. What is the units digit of o(g)?
1
Suppose 206*u = 250*u - 199584. What is the units digit of u?
6
Suppose -3*x = 5*n - 1675, -n - 3*x = -3*n + 649. What is the tens digit 